f be x(q). Suppose 3 = 3*n - f*n. What are the prime factors of n?
3
Suppose 7*l - 532 = -0*l. What are the prime factors of l?
2, 19
Suppose -94 = -4*n - 2*c, 3*c - 8 = -n + 3. Suppose 0 = 3*m - 7*m + 20, 0 = -s - 3*m + n. List the prime factors of s.
11
Suppose 0 = 4*d + 3*d - 1113. List the prime factors of d.
3, 53
Suppose 0*k = 7*k - 1869. What are the prime factors of k?
3, 89
Suppose 0 = 5*k - 3*b - 38, -7 = 4*k + 5*b - 30. Suppose 3*f = -2*y + 48, 2*y + 146 = k*y + f. What are the prime factors of y?
2, 3, 5
Suppose -h - 6 = -2*h. List the prime factors of h/12 - (-114)/4.
29
Let f = -267 + 399. List the prime factors of f.
2, 3, 11
Let h(y) = y**3 - y**2 - 2*y + 8. List the prime factors of h(5).
2, 7
Let a(d) = 0*d + 3*d + 12*d + 1 + d**3 + 12*d**2. What are the prime factors of a(-10)?
3, 17
Let l(k) = k**3 - 3*k**2 - 5*k - 1. Let m be l(4). Let r(b) = -b**3 - 6*b**2 - 6*b - 3. Let g be r(m). What are the prime factors of g/(-10) + 112/10?
11
Suppose -y + 0 + 3 = 0, 5*w + y = 3. Suppose 0 = -w*f - f + 34. What are the prime factors of f?
2, 17
Let a(n) = 5*n**3 + 2*n**2 - 3*n + 3. List the prime factors of a(2).
3, 5
Suppose 3*o + 3*n = -24, 4*o = -0*n - 3*n - 30. Let j(k) = -2*k. List the prime factors of j(o).
2, 3
Suppose -3*d - 6 = -42. Let m(y) = -y**2 + 14*y - 12. What are the prime factors of m(d)?
2, 3
Let i(x) = -x - 6. Let b be i(-9). Suppose b*o - 6 - 6 = 0. List the prime factors of o.
2
List the prime factors of 514/10 - (-18)/(-45).
3, 17
Let k = 25 - 48. Suppose h + 0*h - 5*i + 43 = 0, -h - 36 = 2*i. Let u = k - h. List the prime factors of u.
3, 5
Let o be (1 - 0) + 8 + -5. Suppose 4*q - 24 = -j, 3*q + 0*q + 20 = o*j. List the prime factors of j.
2
What are the prime factors of ((-8)/1)/((-1)/1)?
2
Suppose 4*q + 2*b = 3*q + 5, 5*q + 5*b - 15 = 0. Let r be 2 - -51 - (0 + q). Suppose -3*j + r = j. List the prime factors of j.
13
Suppose -5*y - 3*g + 1024 = 0, -y - g + 4*g + 212 = 0. List the prime factors of y.
2, 103
Let u = -93 + 64. Let k be u/(-4) - 1/4. Let a = 9 - k. What are the prime factors of a?
2
Let v = 88 - 15. What are the prime factors of v?
73
Let r(y) = -y**3 - 4*y**2 + 3. Let z be r(-4). Suppose -2*c - 6 - 1 = 5*k, z*k = -c - 4. What are the prime factors of 10 - 0 - (c - -1)?
2, 5
Let l(j) = j**3 + 6*j**2 + 3*j - 3. What are the prime factors of l(-5)?
7
Let q(r) = -r**2 - 7*r. Let d = 11 + -6. Let n be (-23)/5 - 2/d. List the prime factors of q(n).
2, 5
Let q(m) = 42*m + 2. List the prime factors of q(2).
2, 43
Suppose 3 = 4*u - p - 50, 3*u - 31 = -p. Let v(w) = 7*w**2 - u*w**2 - w**3 - 6 - 2*w**3 + 4*w**3 + 4*w. What are the prime factors of v(5)?
2, 7
Suppose -9*q = -11*q + 168. List the prime factors of q.
2, 3, 7
Suppose 4*x - 4*w = 0, -3*w + 6 + 3 = 0. Suppose -x*s = s - 28. What are the prime factors of s?
7
Let v = 76 + -16. Suppose 0 = h + 3*f - 4, -v = -4*h + 5*f + 7. List the prime factors of h.
13
Suppose 204 = -4*t + 7*t. Let l = t + -46. What are the prime factors of l?
2, 11
Let d(l) = 7*l + 1. Let w be d(1). Suppose -4*f + w = -2*f. Suppose -f*o + 15 = -29. What are the prime factors of o?
11
Let j(x) be the second derivative of x**3/2 - 9*x**2/2 - 6*x. What are the prime factors of j(8)?
3, 5
Let a(z) = -2*z + 5*z - z**2 - 1 - z**2. Let u be a(2). Let o(c) = c**3 + 4*c**2 - 3. List the prime factors of o(u).
2, 3
Let i = -13 + 9. What are the prime factors of (-1)/(-2) + (-30)/i?
2
Suppose 17 = -0*d + 3*d - 5*a, -5*a = 4*d - 11. Suppose 5*m + d = -k - 1, 5*m + 5 = 3*k. What are the prime factors of -2 + (k - (2 + -11))?
7
Let f(x) = x**3 - x**2 - x - 4. Let a be f(0). Let n(m) = -m**2 - 5*m - 4. Let y be n(a). What are the prime factors of (y - 2) + 7 + -1?
2
Let t(m) be the second derivative of m**4/12 - 5*m**3/3 + 15*m**2/2 + 3*m. List the prime factors of t(11).
2, 13
Let o(b) = -b**3 - 6*b**2 - 3*b + 2. Let f be o(-4). List the prime factors of 2782/117 - 4/f.
2, 3
Let j(r) = -r**3 + 6*r**2 + 5*r - 9. Let o be j(7). What are the prime factors of -1*(1 + (o - 1))?
23
What are the prime factors of 112/6*(1 - -2)?
2, 7
What are the prime factors of (-4)/(-12) - 303/(-9)?
2, 17
Let v = 109 + -67. What are the prime factors of v?
2, 3, 7
Let l(y) = 37*y. Let o be l(-1). Let d = 52 + o. List the prime factors of d.
3, 5
Let a(s) = s**2 + 4*s + 3. Let k be a(-4). Let y(d) = -3*d. Let b(h) = -4*h - 1. Let z(f) = -4*b(f) + 5*y(f). List the prime factors of z(k).
7
Suppose 3*y + 3*o - 75 = 0, y - 3*o + 4 - 49 = 0. Let l(j) = -j + 2. Let v be l(-2). Suppose -v*z - z = -y. What are the prime factors of z?
2, 3
Suppose x = -1 + 4. Suppose -2*s - 5 = -d, -x*d + 3 = 5*s - 12. Suppose -2*a = -d*q + 53, -4*q + 3*a + 40 = -a. List the prime factors of q.
11
Let c be (-2 + -2)*5*-1. Let n = 4 - c. Let q = 22 + n. What are the prime factors of q?
2, 3
Let l = -19 + 56. Let x = l + 1. Suppose 5*j - 4*h + 29 = 75, 5*h + x = 3*j. What are the prime factors of j?
2, 3
Suppose -4*n = 3*y - 18, 5*y - n + 0*n - 7 = 0. List the prime factors of (-1)/y*(-48)/3.
2
Suppose 4*r = -0*r + 40. Suppose -8 = -o + r. List the prime factors of o.
2, 3
Suppose 4*b - 3*t - 8 = 0, -3*b + 2*t = -8 + 2. Suppose 371 = 5*y - b*k, -4*y + 2*k - 50 + 346 = 0. What are the prime factors of y/(-10)*4/(-6)?
5
Let c(v) = v**2 + 17*v - 16. Let y be c(-18). Suppose -y*l + 230 = 3*l. What are the prime factors of l?
2, 23
Let o = 4 + -4. Let s = 4 - o. List the prime factors of s.
2
Let w be (-2)/(-10) - 1/5. Let v = w + 0. List the prime factors of (1 - -6) + v + 1.
2
Let w = 4 + -1. Let m be 8/6 + w/(-9). List the prime factors of (2/1)/(m/3).
2, 3
Let s be (-22)/4 - 7/(-14). Let p(q) = 1 - q - 4 + 1. What are the prime factors of p(s)?
3
Let n(s) = -s**3 + 9*s**2 - 2*s + 14. List the prime factors of n(8).
2, 31
What are the prime factors of (-30)/(-4)*(-48)/(-9)?
2, 5
Suppose -5*t - 168 = -4*m - t, -3*m + t + 134 = 0. Suppose -m = -4*n + 22. What are the prime factors of n?
17
Let k = 53 + -31. Let t be (-4)/(-1 + 0 + -1). Suppose t*r = k + 16. List the prime factors of r.
19
Suppose 0 = l - j - 63, 5*l + 151 - 466 = 4*j. List the prime factors of l.
3, 7
Let k(p) = -4*p. Let h be k(1). Let q = h - -6. Suppose -5*g + 23 = -4*w, -4*g + 18 = -q*w - w. What are the prime factors of g?
3
Let l = 33 + -18. List the prime factors of l.
3, 5
Let f be 1*(1 - (-12)/1). Let p = f + 1. What are the prime factors of p?
2, 7
Let z(j) = 16*j**2 + 3*j - 2. Let s be z(1). What are the prime factors of s - ((-2)/1 - -2)?
17
Let m(v) = 2*v**2 - 3*v. Let t = 1 - 1. Suppose z - 2 = -t. List the prime factors of m(z).
2
Let i = -84 - -400. What are the prime factors of i?
2, 79
Let b(w) = 3*w + 3. Let u be b(3). Let x be 18/(2 + u/(-9)). Let q = x - 19. What are the prime factors of q?
2
Let y(z) = -19*z - 26. List the prime factors of y(-19).
5, 67
Let b be 60/27 - 4/18. Suppose -a + 18 = b*a - 4*p, -3*a - 4*p + 18 = 0. Suppose 5*o - 4 = a. List the prime factors of o.
2
Suppose 312 = 2*s + s. What are the prime factors of s?
2, 13
Suppose -3*f + 5 = g - 95, -g = 4*f - 132. List the prime factors of f.
2
Let h(f) be the third derivative of -f**4/24 - f**3/6 - 2*f**2. What are the prime factors of h(-3)?
2
Let y(z) = 6*z. Let d be y(1). Let h be 0*2/d + 2. Suppose -h*r = -6*r + 32. What are the prime factors of r?
2
Let u = -1 - 0. Let v = u - -3. Suppose -v*h = -27 + 1. List the prime factors of h.
13
Let y(j) = -4*j + 1. Let h(c) = -c + 1. Let f be h(-1). Let s(b) = b - 3. Let l be s(f). What are the prime factors of y(l)?
5
Let q = 100 - 48. List the prime factors of q.
2, 13
List the prime factors of ((-9)/4)/(2/(-48)).
2, 3
Let f(l) = -l - 1. Let y be f(-3). Suppose 33 = y*m + 5. What are the prime factors of m?
2, 7
List the prime factors of (-30)/5*(-4 + -2).
2, 3
Suppose 5*j = -z - z + 22, -j = 2. List the prime factors of z.
2
Let g be (-2 - -1) + 3 - 0. Suppose -5*t + 111 = -g*t. What are the prime factors of t?
37
What are the prime factors of 8*((-6)/15 - 1098/(-20))?
2, 109
Suppose 0 = z - 5, 0 = -6*h + 5*h - 4*z + 17. What are the prime factors of (-8)/h*(-45)/(-12)?
2, 5
List the prime factors of (3 - -19)*(-2)/(-4).
11
Suppose 0 = -i - 4*i. Suppose 4*f + 8 + 4 = i, 5*m + 2*f = 14. Suppose 32 = 4*n + m*x - 7*x, 0 = -4*n - 2*x + 32.